 = -w*d + 80. List the prime factors of d.
2
Suppose -69 - 526 = -5*d. Suppose 0 = -w - 6*w - d. Let y = -12 - w. List the prime factors of y.
5
Let i = 14 + -18. What are the prime factors of 29/(-2)*(i - 2)?
3, 29
Let c = 16 - 13. Suppose -4*l + 9 = c*y, -l + 0*l - y + 1 = 0. Suppose -9*m + l*m = -69. List the prime factors of m.
23
Let h = -104 - -133. Suppose -m - o = -h, 2*m - 4*m + 3*o + 43 = 0. List the prime factors of m.
2, 13
Let m(v) = 5*v - 10. Let n be m(4). Let u = -8 + n. What are the prime factors of u?
2
Suppose 8*k = 4*k + 3*l + 20, 0 = -3*k + l + 15. Let x = k - 9. List the prime factors of (62/x + 1)*-2.
29
Let f = 108 + 912. List the prime factors of f.
2, 3, 5, 17
Let t = 578 - 254. What are the prime factors of t?
2, 3
Suppose 2 = -2*o + 3*h, 5*o + 2*h - 5 = 9. Suppose -o*v = -3*v + 16. What are the prime factors of v?
2
Suppose 0 = -4*j - j + c + 20537, 3*c = 2*j - 8220. What are the prime factors of j?
3, 37
Let f = 2738 + -1176. List the prime factors of f.
2, 11, 71
Suppose 4*u = -2*g + 497 + 715, -2*u + 3*g + 622 = 0. List the prime factors of u.
5, 61
Suppose -4*f = -j + 265, 2*f = 7*j - 4*j - 805. List the prime factors of j.
269
Suppose -59*v = -57*v - 4378. What are the prime factors of v?
11, 199
Let l be (1 - (-5)/(-3))*(-1 - 11). Suppose l*o = 11*o - 288. List the prime factors of o.
2, 3
Let q(s) = -28*s**2 - 2*s - 9. Let j(h) = 14*h**2 + h + 4. Let l(m) = 7*j(m) + 3*q(m). List the prime factors of l(2).
59
Suppose 10 = 2*l, -2*l = -3*z - 2 - 2. Let d(j) = z*j + j - 2 + 2*j**2 - 6*j. List the prime factors of d(3).
7
Let k be 0*-1*3/6. Let w = k + 2. Suppose -w*c + 44 = -4*s, -3*c + 3*s = 5*s - 82. List the prime factors of c.
2, 13
Let s = -822 - -1862. What are the prime factors of s?
2, 5, 13
Let t(d) = 34*d - 13. Let z be (2 - 20/(-3)) + (-8)/12. List the prime factors of t(z).
7, 37
Let z(t) = 2*t**2 + 3*t - 2. Let f be z(1). Suppose f*u = 18 + 12. List the prime factors of u.
2, 5
Suppose 4626 = 2*o + 4*o. Suppose -74*b + o = -71*b. List the prime factors of b.
257
Suppose 3*t - 3*d = 7641, -26*d + 23*d + 5079 = 2*t. List the prime factors of t.
2, 3, 53
Suppose 2 = 4*i - 2*q, -2*q - q - 3 = 5*i. Suppose -l = -i*l - 5. Suppose -h = 3*h - 5*z - 77, l*z = 2*h - 31. What are the prime factors of h?
23
Suppose 4*w - 14979 = -j, -5*j + 10*j = -4*w + 14991. What are the prime factors of w?
2, 3, 13
Let q be 0*-3*(-4)/12. Suppose 2*c - 5*z + 7 = 0, -2*c + 0*z - 3*z + 17 = q. Suppose -m + c = -47. What are the prime factors of m?
3, 17
Let u(c) = 33*c + 15. Let h be u(5). Suppose 0 = -b - 5*b - h. What are the prime factors of (-3)/18 + (-1355)/b?
3, 5
Suppose -8*w = -1093 - 51. What are the prime factors of w?
11, 13
Suppose 4*x - 4*j = 3*x + 178, 2*j = -3*x + 576. Suppose -566 + x = -4*t + 5*n, 5*t = -4*n + 470. What are the prime factors of t?
2, 47
Let b(c) = 330*c + 132. What are the prime factors of b(9)?
2, 3, 11, 47
Suppose 485 + 547 = 3*t. List the prime factors of t.
2, 43
Let n(c) = c**3 - c**2 + 10. Let f = 27 - 18. Let s = f + -9. List the prime factors of n(s).
2, 5
Suppose -3*w - 2289 = -4*r, 0 = -r - w - 199 + 766. What are the prime factors of r?
2, 3, 5, 19
Let o(g) = 343*g - 8. What are the prime factors of o(4)?
2, 11, 31
Let b(v) be the second derivative of -v**4/12 + 5*v**3/3 - 2*v. Let q be b(10). Suppose -30 + q = -2*j. List the prime factors of j.
3, 5
Suppose -8*n + 36 = -2*n. Suppose -10*q = -n*q - 96. List the prime factors of q.
2, 3
Let q(p) = 3*p**2 - 16*p + 10. Let u be q(5). Suppose -4*l - 5*r + 389 = -l, -4*r - 599 = -u*l. List the prime factors of l.
3, 41
Let l(p) = -p**3 + 11*p**2 - 11*p + 17. Let w be l(10). Let o = 264 - 144. Suppose -w*c + 3*c = -o. List the prime factors of c.
2, 3, 5
Let t = -4960 - -8271. What are the prime factors of t?
7, 11, 43
Let z(x) = -x**3 - 6*x**2 + 6*x + 7. Let v be z(-7). Let q = 16 - v. What are the prime factors of (-52)/(-2) - 2/q?
5
Suppose 14 = -x + 4*o, -5*x + 4*x - 17 = -5*o. Let y(n) = 28*n**2 + 6*n + 9. List the prime factors of y(x).
109
Suppose -3*x + 199 = 2*i, 166 = 4*x - i - 92. Suppose 0 = z + 21 - x. Let c = -19 + z. What are the prime factors of c?
5
Let p = 13 - 22. Let t = p - -12. Suppose -t*v + 2*v + 2 = 0. List the prime factors of v.
2
Let f(d) = 3*d**2 - 7*d. Suppose 6*t = 5*t + 6. What are the prime factors of f(t)?
2, 3, 11
Suppose 0*o = -10*o + 41780. List the prime factors of o.
2, 2089
Suppose -3*j - 3*q = -30, j + 0*j = 2*q + 4. Let f be j + (-2 - 1 - 0). Suppose -4*a = -z + f*z - 12, -4*z - 12 = a. List the prime factors of a.
2
Let q = -388 + 896. What are the prime factors of q?
2, 127
Let g be 4/10 - (-501)/(-15). What are the prime factors of 1*(g - -2)*-2?
2, 31
Let s = -21 + 39. Let y be -6*2*(-3)/s. Suppose 5*x = y*x + 69. List the prime factors of x.
23
Suppose -4*o + 5*f + 8 = 0, 2*o + 5*f - 22 = 3*f. Suppose -g = -o*g + 6. What are the prime factors of 18/9 + 43*g?
3, 5
Suppose -2*z + 39 = x, 5*z = -5*x + 3*x + 100. Suppose 0 = 4*g - 50 - z. List the prime factors of g.
2, 3
Suppose 2*f = 3*h + 19, 3*h - 51 = -6*f + 3*f. Let w = f + -11. Suppose 7*m - 36 = w*m. List the prime factors of m.
3
Let o(y) = 1. Let d(n) = -23*n - 4. Let w(k) = -d(k) + 5*o(k). What are the prime factors of w(4)?
101
Let j = 226 - 119. Suppose 2*v = 7*v - 20. Suppose 0 = 4*l + s + 3*s - 112, -j = -v*l + s. List the prime factors of l.
3
Suppose 0 = -2*i - 4 + 16. List the prime factors of (74/5)/(i/15).
37
What are the prime factors of (11 - 150)/(4/(-20)*1)?
5, 139
What are the prime factors of 592/1 + 2 + -26 + 22?
2, 5, 59
Suppose -4*b + 2*b - 4 = -2*i, 1 = i - 2*b. Let o be 186/9 + 2/(-3). Suppose o = -h + i*h. List the prime factors of h.
2, 5
Let t = 1464 - 1035. What are the prime factors of t?
3, 11, 13
Let b(r) = -r**3 + 9*r**2 + 6*r + 13. What are the prime factors of b(9)?
67
Suppose 0 = -4*l + 23 - 3. Suppose 2*o = b + 6*o + 11, l*o + 40 = 4*b. List the prime factors of ((-2)/(-4))/(b/80).
2
Let d(f) = f**3 + 9*f**2 + 11*f + 40. List the prime factors of d(9).
1597
Suppose -5*n - 3*p + 3750 = 0, 2*p = 5*n + 1688 - 5438. List the prime factors of n.
2, 3, 5
Suppose 4*k + 21 = 5*a, -3*a - 4*k = k + 17. Let n(h) = 0*h**3 - 1 + h**3 + h**2 + 50*h**3 - h. List the prime factors of n(a).
2, 5
Suppose -5*y - 2*o - 18 = -5*o, 3*y - 2*o = -11. Let k(v) = 3*v + 3*v**2 + 0*v**3 + 3*v**2 + 4*v**3 - 3*v**3. What are the prime factors of k(y)?
2, 3
Suppose 7*a = -30*a + 14985. List the prime factors of a.
3, 5
Let n = 44 - 11. Suppose -5 - 19 = z. Let i = z + n. What are the prime factors of i?
3
What are the prime factors of (-108454)/(-19) + (-28)/266?
2, 1427
Let p(r) = -4*r - 4. Suppose -4*x - 19 - 9 = 4*j, -2*j = -3*x - 11. Let q be p(j). List the prime factors of (39/q)/((-3)/(-8)).
2, 13
List the prime factors of (-14)/(2/(-1)) - -267.
2, 137
Let i be 2/(-8) + (-130)/(-8). List the prime factors of i/24 + 67/3.
23
Let s = 1520 + 1682. List the prime factors of s.
2, 1601
Suppose -14 = -4*n - 3*h + 9, -4*n - 17 = -5*h. Suppose n*t - 6 + 0 = 0. What are the prime factors of t?
3
Suppose -2 - 34 = -9*y. What are the prime factors of (-34*(-2)/y)/((-5)/(-10))?
2, 17
Let w(l) = l**3 + 10*l**2 - 10*l + 7. Let c be w(-11). Let p be 3/6*(8 + 6). Let d = p - c. List the prime factors of d.
11
Let z(w) = w**2 - 27*w + 275. What are the prime factors of z(19)?
3, 41
Let r = 12 + -28. Let p = 19 - r. List the prime factors of p.
5, 7
Let d(f) = f**3 - 9*f**2 + 7*f + 8. Let j be d(8). Suppose j = 19*l - 24*l + 1005. What are the prime factors of l?
3, 67
Let y be -4*2/4*(-387)/6. Let w = y + -82. List the prime factors of w.
47
Let n be 1/(13/4 - 3). List the prime factors of (-1)/(-2)*(-2 + n + 252).
127
Suppose 0*x = 3*x - 2*v - 10, 2*x + 4*v - 12 = 0. Suppose 49 - 173 = -x*m. What are the prime factors of m?
31
Suppose 0 = -4*k + 527 + 781. List the prime factors of k.
3, 109
Suppose -3*z + 2*f + 1 = 0, 3 = 3*z + 2*f - 2. What are the prime factors of (7/(-21))/(z + 208/(-207))?
3, 23
Let v(h) = h - 6. Let p be v(4). Let f be p/(-1*(-6)/15). Let j(t) = t**2 + 4*t - 3. List the prime factors of j(f).
2
Let v be (0 + -2)*5/2. Let f be 15/(-25) + 197/v. Let r = f - -60. List the prime factors of r.
2, 5
Let f = -256 - -317. Lis